 181))?
17
(-4 - (1 - 5)) + (-77 - 1) + 40
-38
Evaluate 123 + (-107 - -15) - -4.
35
-3 - (4 - 6) - (23 + (6 - 74))
44
Calculate (8 - (5 - -1)) + 6 + 13 + -26 - -81.
76
Calculate 20 - (56 - (134 + -55)).
43
Calculate -6 + 1 + -25 + 14 + -17 - (9 + -2).
-40
What is -23 - -2 - 2 - (-28 + 22)?
-17
Calculate (65 - 2) + (13 + 53 - 84) + -9.
36
What is the value of (433 - 425) + (-11 - -6)?
3
What is the value of (-12 - -15) + -13 + -1 - (-140 + 72)?
57
What is the value of 3 + (5 - 23) + -4 - (-501 + 492) - -129?
119
Calculate -1 - 12 - (4 + 32 - 26).
-23
Evaluate -6 + 2 - (1 + 30) - -9.
-26
(-7 - -19) + (-1 - 15) + (17 - 25)
-12
Evaluate -43 + 39 + -18 + 38.
16
Evaluate 59 + (-36 - -21 - -39 - 39).
44
Evaluate 36 + (-13 - (28 - (63 + -13))).
45
8 - ((-16 - (16 + -34)) + 15 - -33)
-42
What is the value of 57 - -134 - -4 - 120?
75
Calculate -2 + -22 - (25 - (103 - 64)).
-10
What is 48 + (0 + 3 - (11 + -31 + 29))?
42
-7 + (-41 - -51) - -1
4
What is the value of -32 + (53 + -32 - 2) - (9 + -2)?
-20
Evaluate 7 + 2 + -50 + 47 + 29.
35
Evaluate 13 - (-6 - -10) - ((-16 - -2) + -24).
47
What is the value of 3 + -38 - (8 - 0 - (-15 + (5 - -14)))?
-39
Evaluate 43 + -26 + -9 + 49 + (-7 - -16).
66
-114 + 141 + 58 + (-13 - (-1 + -1))
74
Calculate (-1 - (4 + 1)) + (-7 + 16 + 11 - 8).
6
Calculate (-41 + 1 - (7 + (1 - 13 - -10))) + -1.
-46
What is (-2 + -2 - (41 + -48)) + -10 - -12?
5
What is the value of -3 + (1 + 5 + -38 + 22 - (1 - -37))?
-51
Evaluate -89 + 63 - -53 - (-3 + 59).
-29
What is -38 + 115 + -22 - -41?
96
What is the value of (-1 - (21 - 0)) + (530 - 565)?
-57
What is -2 + -80 + -12 + 0 + (-70 - -58 - -37)?
-69
Evaluate (813 - 827) + -22 + (1 - 4).
-39
What is the value of (13 - ((-5 - -6) + -6)) + 7 - 7?
18
What is the value of (95 - -14 - 193) + -5?
-89
What is (-12 - -4 - -1) + -40 + (13 - 16 - 2)?
-52
What is -3070 - -3075 - (-4 - (2 - 3) - -31)?
-23
96 + (-1 - 7) + 160 + -136 + -24
88
(-8 + 15 - -1) + (682 - 696)
-6
What is the value of (-22 + (-5 - -10) + 3 - -8) + 0?
-6
Evaluate -1 - (-82 - -108 - 58).
31
Evaluate 27 + -3 + 62 - 123.
-37
Evaluate 120 - 116 - (-12 + 4 + 6 - (-37 + 3)).
-28
What is -66 + (2 + (-2 - -5) - (85 - 79))?
-67
What is the value of (-1 - -3) + 5 + -30 + -73 - (13 - 25)?
-84
What is (-1 - 2) + (34 - 5) - (869 - 864)?
21
Evaluate (-27 - -44) + (-23 - (16 + -101)).
79
What is the value of (14 + -6 - 17) + (1 - 73) - (-25 - -33)?
-89
-40 - (-33 - 103) - 133
-37
Calculate (28 - (1 + -8 - (-26 - -18))) + 14.
41
What is the value of -10 - (-4 + -9 + -6) - 71?
-62
59 + -19 + 14 - (0 + 0) - 10
44
Calculate -11 + -114 + -114 + 131.
-108
Evaluate (-3 - -8) + -2 - (-31 - (46 + -11)).
69
What is the value of -5 + (4 - 1) - (39 - (15 + -6 - 0))?
-32
Evaluate (0 - (2 - -1)) + 1942 + -1960.
-21
Calculate 0 + 1 + -1 - (-138 + (153 - 40)).
25
What is 7 + (-26 - (15 + -125)) + -37?
54
3 + (20 - 37) + 16
2
Evaluate 2 + 0 + (7 - -4) + -9 - 8 - -5.
1
Calculate (-3 - (-9 + 9 + -8 - -15)) + 8 + 14.
12
What is the value of 21 - (-15 - (-22 - -13 - 43))?
-16
(104 - 114) + 48 - (-1 + (3 - 5) + 12)
29
Calculate 2 + -30 + (-60 - (-50 + -28)).
-10
-53 + (-49 - -100) + 68
66
Calculate (-35 - (-24 - -8)) + -20 + 46.
7
What is 0 + 69 + 2 - ((-31 - -3) + (13 - -4))?
82
Evaluate (2 - (-19 + 29 + -6)) + (-7 - (-4 + 2)).
-7
Calculate (19 + -18 + 7 + 1 - 7) + -12.
-10
Evaluate 5 - -15 - (65 + (0 - -6) + -13).
-38
(-5 - (-7 + (17 - -8) - 48)) + -14 + 1
12
Evaluate -53 - (-4 - -7) - (9 + (6 - (12 - 4))).
-63
Calculate 60 - (19 + -27 + 21 - (1 - -3)).
51
Evaluate (25 - (-11 - 17)) + -3 + -2 + (-13 - -20).
55
What is the value of -86 + -1 - (17 + (24 - 73) - -35)?
-90
Evaluate (0 - -65 - (723 + -733)) + -24.
51
Evaluate -7 + -1 - (1 - (40 - 8 - 14) - 13).
22
Evaluate 14 - (-2 - 65) - (-94 + 59).
116
What is the value of -4 + 9 - -11 - (-78 + 37)?
57
(100 - 23) + -2 + -10 + 2 + -5
62
-86 - -49 - (31 - 13)
-55
(13 + -15 - (1 + -60) - (-2 - -1)) + 3
61
What is -15 + (36 - (29 - 7)) + 14?
13
What is the value of -1 + -1 + 1 - (-36 - (42 + -31 + -2))?
44
(415 - 410) + (-1 - (3 - 0)) + -6 + 3
-2
What is (22 - 15) + 14 + -62 + -50?
-91
What is -249 + (85 - -94) + (0 - 0 - -1) + 11?
-58
What is -6 + -21 + 3 + -20 + 24 - (4 - -2)?
-26
-8 + (-59 - -27 - -45)
5
Calculate 87 - ((-47 - -65) + 16 + -10 + -10).
73
Evaluate 9 + 47 + 17 + -27 + -3.
43
What is the value of (-3 - (3 - 5)) + -7 + 16 + 1 + -31?
-22
What is (1 - 0) + 1 + 162 + -95 + -72?
-3
What is 1 + 16 - (-141 + 100 + 43)?
15
What is the value of (62 + -11 - -16) + 19 + -15?
71
Evaluate -69 + 1 + -6398 + 6356.
-110
What is 18 + -10 + 4 + (-38 - -5)?
-21
What is -145 - -171 - (-22 - -5)?
43
What is the value of 15 - -78 - (912 + -762)?
-57
What is the value of -45 - 0 - (-14 - (-4 - (24 - 25)))?
-34
What is the value of (-11 - (3 - 3)) + 29 + -6 + -8?
4
What is the value of -44 - ((15 - (-10 + 7) - (-2 - -12)) + -7)?
-45
What is 17 + -2 + (57 - 88 - -43)?
27
Calculate (-84 + 63 - 44) + 2.
-63
Evaluate (935 - 927) + -12 + 7.
3
-80 + 0 - (321 + -309 + 1 + -5 + 4)
-92
(-22 - 5) + 99 - (7 - (2 + -5 - 0))
62
Calculate -1 + 0 + 90 - ((792 - 793) + (-2 - 0)).
92
Evaluate (-19 - -1) + 23 + 7 + (-14 - 2).
-4
Evaluate 0 - (1 + (3 - 0)) - (1121 - 1136).
11
What is (4 - (20 - -5)) + -3 + -5 + 31 + -17?
-15
What is the value of (495 - 539) + (26 + 1 - 6)?
-23
Calculate -133 - (115 - (-97 + 262)).
-83
Evaluate (58 - 23 - (-9 + 87)) + -20.
-63
What is the value of 106 - (-53 + (26 - 32) + 39)?
126
What is (131 - 60 - 87) + 37 + 0?
21
70 + (23 - -40) - 81
52
Evaluate (285 - 248) + 1 + -29 + 8.
17
(150 - 47) + -88 + (6 + 52 - -5)
78
Evaluate -16 + -19 - (-6 - (-12 + 3 + 7 + 0)).
-31
Calculate (4 + 3 - -5) + 18 + -64.
-34
73 - ((19 - 21) + -16 - -41)
50
What is 5 + (63 - (2 + 0 + 3)) - (169 - 177)?
71
Evaluate (0 - (6 + 17 + -17)) + -4.
-10
Calculate -6 - (19 - (215 - 199 - (0 + -100))).
91
What is the value of 2 - 13 - (3 - 36) - -95 - (-2 + -1)?
120
What is the value of 1 - (-7 + 8 + 14 - (-36 + 30))?
-20
156 + (-22 - -60 - (9 - -70))
115
Calculate (-118 + 60 - -37) + -1 + 52.
30
What is 24 + (20 - 36) + 11 - 80?
-61
What is the value of -23 + -1 + -19 + (70 - (62 - -2))?
-37
What is (-64 - (43 + -85)) + -2 + 14?
-10
Calculate -3 + -35 + (-3 - 0) + 217 + -216.
-40
(-1586 - -1575) + (2 - (-56 - -1))
46
What is the value of -37 + 45 + (18 - -14 - 58)?
-18
What is (3 - -2 - -23) + (540 - 559)?
9
What is the value of 3 - -61 - (-821 + 823)?
62
What is (8 - (-38 - -2)) + -48?
-4
(15 - (1 + 13 + 23) - -15) + -8 + 1
-14
What is (-110 - 1 - -118) + (-15 - (-3 + 3))?
-8
-7 + (76 + -43 - 12)
14
Calculate -16 - -12 - -45 - (-2 + (2 - 0 - 8)).
49
93 - (4 - 1) - (18 + -1 + -5)
78
6 + -17 + -35 - (0 + -1 + 5)
-50
84 - (37 - (-71 + 55))
31
Calculate 419 + -219 + -208 - (-2 - -1 - -3 - 107).
97
What is the value of (-33 - (-41 + -12)) + -65?
-45
Calculate (76 - 53) + -28 + 23.
18
-1 + -26 + 2 - (-11 + -30 + 39)
-23
Calculate 2182 + -2231 - (-67 - 2).
20
What is the value of 28 + 22 + -7 + 6 + -3 + 7 + -12?
41
-17 + 16 + -7 - (9 + -6 - 17)
6
Calculate -3 + (5 - (-11 + 11 + -12 + (0 - 9))).
23
What is 4 + 6 + 7 + -4 - (18 + 8 + -14)?
1
Calculate 84 - ((22 - -2) + (-22 - -22)).
60
Calculate 30 + -51 - (0 + 11 + -12).
-20
What is -5 + (5 - -32) + -36?
-4
(-14 - -1) + (-62 - (-55 - 37))
17
Evaluate (7 - -4) + -3 + 0 + (-46 - (60 - 24)).
-74
What is the value of 110 - (102 - 41) - 78?
-29
-2 + -8 + 110 - (98 + -110) - -22
134
Evaluate -7 + (23 - (2 - 5 - (-33 - -45))).
31
Calculate -11 + (-65 - -51) + -74.
-99
What is the value of -25 - -24 - (-15 + (16 - 6))?
4
What is the value of 89 + 129 + -226 - (1 - (-1 + -7))?
-17
Evaluate -7 + (-25 - (23 - (5 - -9))) + 12.
-29
What is the value of -89 + 65 + -28 - ((4 - -3) + 2)?
-61
(0 - ((1 - -2) + -1)) + -3 - (1499 - 1493)
-11
-26 + (18 - (37 + -36))
-9
Calculate (5 - 0) + -50 + (-59 - -71 - (15 + 0)).
-48
Evaluate -2 + -6 + 21 - (5 - (-38 - 5)).
-35
Evaluate (77 - -5) + (6 - 4 - 14 - (9 + -11)).
72
What is 1 + -10 + (4 - -6) - (10 - 3)?
-6
Evaluate 1259 + -1259 + (2 - 66).
-64
Calculate 22 + (-27 - -34) - 71 - -11.
-31
28 - 7 - 1 - 31 - (-23 - -7)
5
Evaluate 16 - (-1 - (-58 - -55)).
14
What is the value of (-15 - (9 - 15)) + 3 + 1 - (30 + 0)?
-35
What is (-72 - (-18 + 14)) + 3 + 36?
-29
What is 19 - 49